+ 0 - -28?
21
Evaluate 6 + 9 + -8 - (-6 - -10).
3
Calculate 4 - 0 - (6 - (7 - (16 + -5))).
-6
What is the value of -6 - (24 + -19 - 15)?
4
What is the value of 12 + (-35 + 16 - 0) + -17?
-24
What is the value of -30 + 2 - (4 - 0)?
-32
What is the value of (-6 - (28 + -35)) + 0 + -3 + -3?
-5
-10 + 0 - (376 - 391 - (-10 - 0))
-5
What is -4 + (14 + -28 + 20 - (2 + 13))?
-13
Calculate 0 + -7 + (-18 - -2 - (-20 + 11)).
-14
-4 + 4 - (-40 + 20)
20
What is -9 + -17 + 8 - 5?
-23
Evaluate -3 - (-4 + 4 - (-8 + 11)) - 8.
-8
(-1 - -9) + (-14 + 25 - 38)
-19
Calculate -4 - 2 - (-60 + 34).
20
Evaluate (61 - -7) + -34 - 58.
-24
What is the value of -19 + 6 - -4 - (-15 - -7)?
-1
Evaluate -4 + -1 - (-4 - (3 - 14)).
-12
What is the value of 13 - (39 + -19 + -16)?
9
Evaluate 3 + -20 + (-3 - 3) - (-4 + 1).
-20
What is the value of 1 + 4 + (18 - 19) - (-1 + 13)?
-8
Evaluate (-1 - 8) + ((-7 - -14) + -4 - 0).
-6
Calculate 21 + (1 - (26 - 16)).
12
7 - (-1 + 4) - (3 + 8 + -8)
1
0 - 29 - (50 + (-107 - -44))
-16
What is the value of -38 + (19 - (17 + -17 - -15))?
-34
What is (-11 - 2) + (10 + -5 - -1) - -6?
-1
17 - (10 - (-7 - ((9 - 18) + 1)))
8
What is 18 - (12 + (3 - -17))?
-14
Evaluate -10 + (0 - -3) + 2 + 12 + 2.
9
Calculate -11 + (-10 + -12 + 11 - (-21 + 1)).
-2
What is 148 + -148 + (2 - (6 + -1)) + -2?
-5
Calculate 9 + (-12 - -20) + -12.
5
What is -23 - (-20 - 21) - (4 + 0)?
14
Calculate (7 + -4 - 3) + 2 - (116 + -81).
-33
What is the value of 0 - (2 + -14) - 7?
5
What is the value of 27 - (1 - (10 + -12) - (-7 + 1))?
18
Calculate 10 + -19 + (-5 - (7 + -11)).
-10
What is 45 + 2 + -56 + 37?
28
What is (-1 - (-1 + -7)) + (-41 - (57 + -84))?
-7
Evaluate 13 + 0 + (-3 + -2 - -5) + -1.
12
What is -33 - -15 - (-4 - 0) - (11 - 10)?
-15
What is (3 - -14) + (68 - 68) - 29?
-12
Evaluate -3 + -1 + (-5 - -8 - 7).
-8
Evaluate 11 + -6 + (-4 - -14 - 14).
1
Evaluate 12 + 15 + -8 - 33.
-14
What is 27 - -1 - 5 - -1?
24
-2 + 7 + (9 - 0 - 0)
14
What is -16 + (31 - 17) + (0 - 13)?
-15
Evaluate -3 + (-6 - -4) - (5 - -7 - 46).
29
Evaluate 3 + -26 + (11 - -4) - (1 - 0).
-9
(-3 - -1) + -1 + (-28 - -36)
5
(-67 - -5) + 35 + 29
2
-9 + -8 + 16 + 5 - 7
-3
What is the value of 16 + -7 + (-14 - (-3 - 2))?
0
-33 + 24 - 7 - (2 - 11)
-7
25 - (26 - 20 - -6)
13
Evaluate (1 + 12 - (-53 + 56)) + -7.
3
-23 - -4 - -5 - -8
-6
-16 + (-31 - -36) + -18 + -2
-31
-74 + 82 - (-1 - -11 - 0)
-2
26 + -37 + -11 - -16
-6
What is (2957 - 2976) + (1 - (-1 - -10))?
-27
Calculate 1 - (19 - (-19 - -27)).
-10
What is the value of 7 - (-2 + 4 + -6 + 10)?
1
Evaluate (-36 - -30 - (-2 - -3 - 1)) + -6.
-12
(4 - -3 - 8) + 9 + (2 - -12)
22
Calculate (1 - (5 - -2)) + -5 - -6.
-5
Evaluate 76 + -71 - (2 - (0 + 0 + 0)).
3
What is the value of (-6 - (11 + -20)) + -1 + 12 + -7?
7
What is 1409 + -1408 - (1 + -23)?
23
Calculate 32 + -6 - 11 - 9 - (26 - 2).
-18
What is -3 + 6 + -3 - (18 - 6 - 18)?
6
-10 + -1 + 310 + -298 + 9
10
14 + 0 + -5 + -3 + 0
6
What is the value of 7 + -12 + 5 + -9 - -12?
3
(3 + 14 - -4) + -103 + 88
6
1 + -1 + 9 + -10 + 2 + -2
-1
Evaluate (4 - -1) + 0 + 10 + 73 + -88.
0
What is 2 + 9 + -19 + -11 - 11?
-30
What is -6 + (-1 - -6) + -10 + 2 - -30?
21
Calculate (6 - -2 - (-1 + 9)) + 8.
8
(21 - -6) + -12 - (2 + 7)
6
What is 0 - (6 - -5) - -7?
-4
(-6 - -1) + 3 + (-11 - -24 - 19)
-8
What is the value of -2 - (2 - 8) - (-969 - -951)?
22
Calculate 6 + 2 + 11 + -16.
3
What is 1 + -40 - (62 + -10 + -58)?
-33
Calculate 6 + -11 - 3 - (-3 + 1 + 4).
-10
Evaluate 28 + (-13 - (-14 - (17 - 30))).
16
What is the value of -2 + 20 - (-8 + 10 + (0 - -4))?
12
Evaluate (21 - (34 - 13)) + -23.
-23
What is -42 - -16 - -12 - -18?
4
What is (-4 + -68 - -42) + -8?
-38
3 + -8 - -4 - -9
8
What is the value of 317 + -322 - (-9 + 0)?
4
What is the value of (2 - (-29 - 1)) + -12 + -12?
8
What is 45 + -47 + (-2 - -1)?
-3
What is -13 + 2 + 1 + (-1 - -20) + -29?
-20
-1 + (-6 - -1) + -3 + -3
-12
What is -12 - -14 - (32 + -7)?
-23
111 + -102 + 0 + -4 + -7
-2
Calculate 26 + -35 - (1 - (0 + 7 - 11)).
-14
(-2 - -64) + (-515 - -482)
29
What is -1 - 9 - 0 - (-447 - -436)?
1
What is -4 + 9 + -7 + -6 + 15?
7
Evaluate -154 + 140 + 1 + 30.
17
Calculate -2 - 0 - (0 - (5 - 11 - -17)).
9
What is the value of (44 + -35 - 5) + -19?
-15
Calculate 35 - (-22 + 70) - (6 - 0).
-19
What is the value of -3 + 0 + -6 + (2 - (5 - -8))?
-20
Calculate 16 - (-1 + (6 - 5)).
16
Evaluate -2 + (-8 - (-11 + 13)).
-12
-25 + 1 + (-300 - -308)
-16
-1 + (-9 + 16 - -8) - (-4 + 2)
16
Evaluate 13 + (4 - (7 + 21)) + -9.
-20
Evaluate 17 + 6 + -15 + -5 + -8.
-5
Evaluate (-2 - 4) + -4 + 3 - -25 - 3.
15
What is the value of -24 + 41 + -15 + 17?
19
Evaluate -2 + (1 - (3 - 2) - 2).
-4
Calculate (53 - 22) + (-1 - -2) - 8.
24
What is the value of 0 - (3 - ((-2 - 1) + 2 + -5))?
-9
What is (7 + 35 - 31) + 0 + -14?
-3
Evaluate (1 + -4 + 0 - (28 - 30)) + -14.
-15
Calculate -5 - (0 + ((12 - 6) + -4 - 4)).
-3
What is -10 + (9 - (1 - 9)) + 6?
13
Calculate (33 + -15 + -27 - (5 - 1)) + 0.
-13
-17 - (3 + -5) - (8 + -2)
-21
Calculate 39 + -5 + (-2 - (4 - (6 - 1))).
33
Evaluate -32 - ((-3 - 19) + -13).
3
What is -2 - 2 - (25 + -40)?
11
Evaluate (-2 - (3 - -6)) + -6 + 10 + -8.
-15
-5 - (-7 - (-20 + 21))
3
Calculate -1 + -9 - (-33 - -40).
-17
10 - ((1 - 6) + 1 + -17 + 18)
13
Calculate (38 - 2) + (12 - 21) - 3 - -3.
27
What is the value of -7 + (17 - 5) + (1 - 5)?
1
What is the value of 24 - (-7 + 2 + (18 - 7))?
18
What is the value of (10 - 16) + (15 - -4)?
13
What is -10 + 0 + (-17 - -15) + 28?
16
0 + -4 + (0 + (-5 - 7) - -40)
24
What is the value of 0 + -3 - (-14 - (21 + -37))?
-5
Evaluate (10 + 2 - -11) + -11 + 6.
18
Calculate -7 + (-13 - (1 - 1) - (-33 - -24)).
-11
What is 12 - (103 + -86 + (0 - 5))?
0
What is -9 + 45 + -28 - (31 - 3)?
-20
What is the value of 3 + (2 - ((10 - -1) + (-1 - 5)))?
0
Calculate (-2 - (-2 - -4) - -3) + -4.
-5
Evaluate -5 + (17 - 10) - 7.
-5
Evaluate 27 + 32 + -58 - (-8 - 0).
9
What is -1 - (-6 - (2 - 13))?
-6
Calculate -36 + 58 - ((-4 - 0) + (-11 - -12)).
25
-9 + (-13 - -6) + 9 + 0
-7
What is 41 + -20 + (-36 - 20)?
-35
Evaluate 9 - -9 - 9 - 13 - -11.
7
What is the value of 14 + 9 + 7 + -37?
-7
Evaluate 1449 + -1488 + (12 + 1 - 2).
-28
Evaluate -2 - (4 - (4 + -6 + 5)) - 5.
-8
What is the value of -41 + 20 + (-9 - (-30 - -4))?
-4
What is the value of (2 - 3) + 16 + -700 + 706?
21
Evaluate (-2 - (-6 + 0)) + 33 + -32 - -12.
17
Evaluate -6 - (-9 + -16 + 11).
8
What is the value of 11 + 17 + (-12 - 13) - 13?
-10
-5 + 3 + (12 - (3 + 5) - -27)
29
Evaluate (-8 - -8 - 28) + 6.
-22
What is 1 + -2 + -10 - (3287 + -3319)?
21
Evaluate 0 + -10 + 0 + (9 - 3) + 3.
-1
What is the value of 9 + (-3 - 0) + (-5 + 16 - 7)?
10
What is 25 - (-10 + -27 + 39)?
23
Calculate 8 + 0 - (-43 + 47).
4
Calculate 18 + (8 - 2) + -16 + -10 + 29.
27
What is the value of -1 + 2 + 109 + -110?
0
What is the value of -18 + -2 + 9 + (-8 - -10)?
-9
Calculate -7 + (-9 - (-8 - 15)) + (-27 - 1).
-21
Calculate -10 + 6 + (17 - 10).
3
-37 - (-3 - (0 - (-6 + (3 - 3))))
-28
0 + 26 - (17 - (6 - (-22 - -17)))
20
(1 - 0) + -12 - (-2529 + 2527)
-9
Evaluate 8 + -20 - -5 - -1 - -5.
-1
Evaluate 6 + -7 + (1 - (-9 - -7) - -3).
5
4 + (-2 + 0 - 0 - (-25 - -27))
0
What is the value of -13 + -1 + 3 + 11?
0
What is the value of 17 + 3 + 22 + -33?
9
Evaluate (-10 - (3 - 14)) + -1 + 12.
12
-4 - (3 + -3 - -2 - (-5 + -1))
-12
What is -15 + 9 + -7 + (-4 - -5)?
-12
What is -107 + 111 - (4 - (-1 - 1))?
-2
-6 + (-3 - 1) + (-13 - -20)
-3
Calculate (55 - 55) + 0 + 2.
2
Calculate (-5 - ((4 - 1) + -4)) + 11 + -6.
1
-12 - (3 + 7 - (-22 + 25))
-19
Evaluate -5 - -1 - ((-3 - -5) + (12 - 4)).
-14
Evaluate (0 + -19 - (5 - 10)) + 6 + -10.
-18
Evaluate 15 - (1 - (-3 - 0) - 3).
14
What is -1 + 3 + (0 - 8) + -25 + 22?
-9
Evaluate 20 + (-40 - (-13 + -10)).
3
14 + (1 - 11) - -7
11
What is 5 - (2 + -10 - (1 - 23))?
-9
What is the value of 1 + 9 - (52 - 31)?
-11
What is the value of 9 + (-2 - (-4 + (-8 - -2)))?
17
(0 - (9 + -16)) + (-1 - (16 - 2))
-8
Calculate 41 - 43 - (6 - -1).
-9
-6 + (-6 - 1) - (-17 - -16)
-12
Calculate -7 + 2 + (16 - 40 - -12).
-17
Calculate -50 + (-8 - -22) + 16.
-20
(2 - -1) + (-2 - (16 - 19))
4
Calculate (-5 - (53 + -30)) + 37.
9
What is the value of -30 + 23 + (1 - (2 + 10)) + 1?
-17
What is the value of 18 + 3 - (-95 - -128)?
-12
Calculate 16 + (